q(s) = s**2 - 5*s. Determine q(u).
6
Let g(r) = 2*r**2 + 11 + r - 17 + r + 5*r**2. Let w(t) = -3*t**2 - t + 3. Let s(k) = -2*k - 3. Let b be s(-4). Let y(c) = b*w(c) + 2*g(c). What is y(3)?
-9
Let f(n) be the first derivative of -n**3/3 - 3*n**2/2 + 13*n + 475. Calculate f(-6).
-5
Let t(j) = 2*j**2 - j + 1. Let k be t(1). Let u = -1 + 3. Let y(l) = 3*l**2 - 3*l**u - l**k + 3*l. Calculate y(2).
2
Let b(f) be the third derivative of -f**4/8 + 5*f**3/6 - f**2 + 14. What is b(7)?
-16
Let d(r) = -r + 9. Let g(x) = 5 + 0 - 4. Let f(t) = -t**2 - 5. Let o(k) = -f(k) + g(k). Let n be o(0). Determine d(n).
3
Let l(d) = 2*d**3 + d - 2. Let k(r) = -12*r**3 + 2*r**2 - 8*r + 11. Let p(z) = -k(z) - 5*l(z). What is p(3)?
44
Let r(j) = -3*j**2 + j. Let h = -72 - -18. Let g be 11/9 + 12/h. Determine r(g).
-2
Let d(o) = -o**3 - 33*o + 92*o - 30*o - 2*o**2 - 26*o. Let z(y) = y**3 - y**2 - 5*y - 1. Let w be z(3). Give d(w).
-10
Let b(s) = 2*s + 26. Let a be (-42460)/2860 + 2/(-13). What is b(a)?
-4
Let m(b) = 2*b**2 - 9*b. Let a = 698 + -692. Determine m(a).
18
Let s(t) = -1. Let k(n) = -5*n + 10. Let a(b) = -k(b) - s(b). Let h be a(3). Let v(q) = -2*q + 5. Calculate v(h).
-7
Let h(v) = -v**3 + v - 2. Let t be (-12)/(-24) + (-15)/6. Calculate h(t).
4
Let q be 4/30 + 740/75. Let v = q + -12. Let h(u) = 2*u + 3. Determine h(v).
-1
Let g(a) be the first derivative of a**2/2 - a - 14. Let l(f) = 2*f**2 - 4*f + 4. Let b(r) = -g(r) - l(r). Give b(2).
-5
Let t(d) be the third derivative of 7/6*d**3 + 0*d + 0 - d**2 + 5/24*d**4 + 1/12*d**5 - 1/120*d**6. Suppose -18*i + 21*i = 18. Give t(i).
1
Suppose -2*z = -z, -35 = -5*f + 5*z. Let p(n) be the second derivative of -7/2*n**2 + 1/12*n**4 - n**3 + 0 - 46*n. Determine p(f).
0
Let h be 6*(-2 + 7/2). Let y = -20 + h. Let l = 7 + y. Let m(f) = -f**2 - 4*f - 3. Determine m(l).
-3
Suppose -96 = -3*k - k. Let j = k + -21. Let q(y) = 11*y - 2*y + 4 + 0*y - 7*y. What is q(j)?
10
Let o(n) = -n**2 + n + 1. Let d(z) = -z**3 - 7*z**2 - 4*z - 3. Let i be d(-5). Let k be 69/8 + i/(-88). Suppose -k*b = -13*b - 8. Determine o(b).
-5
Let h(s) be the second derivative of s**5/20 - 2*s**4/3 + s**3 + 13*s**2/2 - 362*s. Calculate h(7).
6
Suppose -2*q - 3*z = -6, 5*q - 5*z + 6 = -4. Suppose -2*v + q*v = -6. Let x(d) = 1023029*d**3 + 5*d**2 - 2*d - 1 - 1023030*d**3 - 1. What is x(v)?
10
Suppose -10*x = -13*x. Let r(c) = -c**3 - 6 - 20*c - c**2 + 20*c. Give r(x).
-6
Let p(x) = x**3 + 9*x**2 + 5*x - 7. Suppose 36 = -5*u + 3*t - 4*t, 8 = u + 4*t. What is p(u)?
17
Let n be (-2)/(2/6 - 0). Let u be (-56)/4*3/n. Let j(h) = h**3 - 6*h**2 - 9*h - 1. Calculate j(u).
-15
Let z be 2*4*13/(-26). Let a(i) = -3 + 4 + i**3 - 3*i + 17*i**2 - 11*i**2 - 4*i**2. Calculate a(z).
-19
Suppose -3*c + 0*c = 0. Let v(u) = 0*u**2 - 2*u**2 - 3*u**2 + c*u**2 - 1 - 2*u. Give v(-1).
-4
Let b(z) be the second derivative of z**3/6 + z**2 + 2*z. Let f(g) = 106*g - 109. Let q be f(1). What is b(q)?
-1
Suppose -32 = -2*f + 2*g, 4*f + g + 38 = 7*f. Let u(n) be the second derivative of -n**4/12 + 11*n**3/6 + n**2/2 - 6*n + 18. What is u(f)?
1
Let z be (1 - (-2)/(-6))*(12 - 9). Suppose -2*n - 12 = z*j, -3 = 2*j - 6*j + 5*n. Let f(p) = 3*p - 3. What is f(j)?
-12
Let a(d) = 3*d - 11. Let g(t) = -2*t. Let l(b) = -a(b) - g(b). What is l(7)?
4
Let x(j) = -9 + 1 + 8 - j - 26*j**2 + 27*j**2. Calculate x(-4).
20
Let h(w) = -2*w - 53. Let p be h(-31). Let a(o) = o - 4. Give a(p).
5
Let y(o) be the first derivative of o**4/4 - 5*o**3/3 - 4*o**2 + 3*o + 411. What is y(5)?
-37
Let p(t) be the third derivative of t**5/60 - t**4/12 - t**3/3 - t**2. Let g be ((1/5)/((-3)/(-15)))/(-1). Let h be (5 - (-14)/(-3))/(g/(-9)). What is p(h)?
1
Let x(p) = p**3 - 8*p**2 + 12*p - 1. Let a = -1007 + 1013. Determine x(a).
-1
Suppose -2*m - s = 2*s + 13, 11 = -2*m - s. Let c(h) = -2*h - 12. Let b(n) = -1. Let z(d) = -12*b(d) + c(d). Give z(m).
10
Let d(w) = w**2 - 2*w - 1. Let l(v) = 15*v - 41. Let n be l(3). Suppose 4*f - 6*b = -n*b - 16, -f = 3*b - 10. Give d(f).
7
Let d(f) = -f**2 + 1. Let v be 28 + -11 - (1 - 2). Let c be (44/(-6))/((-12)/v). Suppose 5*b - 21 = -c. Give d(b).
-3
Suppose 4*p + 1 - 25 = 0. Suppose -2*w + f = 0, 5*w + p*f = f - 15. Let m be w/(-2) + 3/2. Let x(t) = 3*t - 2. Determine x(m).
4
Let a(m) = -m + 1. Let p(j) be the second derivative of -j**3/3 + j**2 + 4*j. Let h(b) = -3*a(b) + 2*p(b). Give h(-3).
4
Let v(q) be the third derivative of -q**4/24 + 5*q**2. Let r(i) = -4*i**2 + 8*i + 1. Let b(n) = -r(n) - 6*v(n). Determine b(-1).
5
Let b(w) = 170*w + 167*w - 337*w + w**3 - 1. Let s(i) = -5*i**3 + 6*i**2 - 5*i - 1. Let k(a) = 4*b(a) + s(a). Calculate k(5).
-5
Let t(n) = n + 6. Let w(k) = -59*k - 183. Let a be w(-3). Calculate t(a).
0
Let a(o) = 55*o + 66*o - 8 + 65*o - 188*o. Determine a(-3).
-2
Suppose 2 = 3*r + 2*p, -191*p + 196*p = -4*r - 9. Let i(u) be the second derivative of -1/3*u**3 + 0 + 1/12*u**4 + r*u + u**2. Calculate i(2).
2
Let o(c) = -c**3 + 8*c**2 - 6*c - 6. Let a be 8 - (-3 + 3 + 5). Let n(m) = -m**3 + 3*m**2 + 3*m - 2. Let f be n(a). What is o(f)?
1
Let v(s) = 17*s**2 - 2. Let k be v(-2). Suppose -g + k = g. Suppose g*c - 34*c = 1. Let u(y) = 14*y**3 + y + 1. Determine u(c).
-14
Let m(t) = t**2 - 5*t - 14. Let i(w) = w**2 - 2*w - 5. Let d(l) = -11*i(l) + 4*m(l). Give d(1).
-6
Let y(o) = o**3 + 6*o**2 - 3*o - 8. Let m be y(-6). Let b = m - 7. Let w(q) = 4 + 2*q**2 + q**3 + 0*q**b - 5*q + 3*q. Give w(-3).
1
Suppose 0*i - 2*i + 4 = 0. Suppose q + i*r + 2*r = 17, 10 = 5*q - 5*r. Let j(x) = -3*x**2 - 3357*x + x**2 + 3352*x + 3*x**2. Give j(q).
0
Let t be 0/156*1/(-4). Let s(d) = -d**2 - 2*d + 8. Calculate s(t).
8
Let m be (6/5)/(-13 - 192/(-15)). Let a(w) = -6*w - 8. Calculate a(m).
28
Let d(o) = 5*o**2 + o**3 - 5 + 4 + 7*o - 3*o - 2. Give d(-4).
-3
Let q(p) = p**2 - 6*p + 5. Let o = -225 - -339. Let g be 3*(-1)/(-12) - o/(-24). Determine q(g).
0
Let p(n) = 8*n + 258. Let x be p(-34). Let j(y) = -y**3 - 15*y**2 - 13*y + 17. What is j(x)?
3
Let z = -43 - -70. Suppose -z = -5*n + 4*t, -5*t - 2 = -n + 16. Let o(h) = 0*h**3 + 10*h + 2*h**n - 6 - 7*h**2 - h**3 - 3*h. Calculate o(6).
0
Let k(h) = -2*h - 4*h - 10 - 7 - 7*h + 8*h. Determine k(-4).
3
Let i = -520 + 516. Let c(b) = 2*b - 4. What is c(i)?
-12
Suppose 0 = 3*z - 28 + 109. Let n = -25 - z. Suppose y + 4*h = 3*y + 28, 4*y - n*h + 26 = 0. Let s(v) = -v**3 - 4*v**2 + 3*v + 6. What is s(y)?
-6
Let d be (-9)/(3/12*-4). Let n(m) = -2*m**2 + 18*m - 6. Give n(d).
-6
Let h(y) = -y**3 - 2*y + 4*y**2 + y - y + 0*y. Calculate h(2).
4
Let c(h) be the second derivative of h**5/20 - 5*h**4/12 + h**3/2 + h**2 + 17*h. Determine c(4).
-2
Suppose -63*w = -73*w - 20. Let o(h) = -17*h + 3. Determine o(w).
37
Let z(w) be the second derivative of -7*w**3/3 + w**2/2 - w. Let h be (-17)/(-3) + (-3)/(-9). Suppose 3 - 9 = h*c. Determine z(c).
15
Let r(p) = 2*p + p - 6 + 1. Let f be (-26)/91 - (-438)/14. Suppose 1 = 8*m - f. Determine r(m).
7
Let c(i) = i**2 + 1145 + 3*i**2 - i - 6*i**2 - 1145. Suppose 3*x + 5 = 2. Determine c(x).
-1
Suppose 6*a - 30 = -0. Let g(j) = a*j - j - 3*j. Determine g(3).
3
Let r(z) = 3*z**2 + 11*z - 8. Let l(o) = -7*o**2 - 25*o + 18. Let h(b) = 4*l(b) + 9*r(b). Calculate h(3).
-12
Let c(x) = -7*x**2 - 8*x - 8. Let m(t) = -7*t**2 - 7*t - 7. Let p(h) = -5*c(h) + 6*m(h). Give p(-2).
-26
Let o(v) be the first derivative of v**2 - 2*v + 786. Calculate o(-1).
-4
Let n = -17 - -8. Let m = -6 - n. Suppose 4*p - 4*y = 20, p = -3*p + m*y + 21. Let f(u) = -u - 2. What is f(p)?
-8
Suppose 5*s - 9 = -q, -2*s = 4*q - 6 - 12. Suppose -5*k + 5 = 4*l - 4, -5*l + 4 = -k. Let r be ((-3)/s + k)/1. Let h(z) = -z**2 + 2*z + 1. What is h(r)?
-7
Let d = -23 + 23. Suppose d = -20*m + 17*m - 3. Let t(n) = -5*n - 1. Give t(m).
4
Let d(b) = 2*b**2 + 2*b + 1. Let v be d(-3). Suppose 4*s = 5*n + v, s + 5*n + 16 = 4*s. Let i(c) = 2*c**2 + 4*c + 1. Calculate i(s).
7
Let r(a) be the second derivative of 35*a - a**2 - 2/3*a**3 + 0. Determine r(-2).
6
Let s(y) = 4*y**2 + y - 3. Suppose -48*n = -42*n + 12. What is s(n)?
11
Let a be 3/(((-18)/(-8))/3). Let b(y) be the first derivative of 1/3*y**3 + 0*y - 7 - y**2. Give b(a).
8
Let q(i) = i**2 - 8*i + 4. Suppose 23*n - 25*n = 12. Let v(g) = g + 12. Let y be v(n). What is q(y)?
-8
Suppose -4*l - 92 = -6*l. S